it of u?
4
Suppose 19*c - 2072 = -628. What is the hundreds digit of (-9 - c/(-8))/((-2)/(-660))?
1
Suppose 20*q - 382 - 238 = 0. What is the tens digit of q?
3
Suppose 5*x = -7*x - 13044. What is the hundreds digit of 1/(6/((-24)/4))*x?
0
Let h = 2 - -1. Let g(j) = 5 + h + 2*j**2 - 13*j**3 + 12*j**3. What is the hundreds digit of g(-4)?
1
Let g(r) be the first derivative of 2*r**5/15 - 7*r**4/24 - 3*r**3/2 - 13*r**2 - 12. Let a(t) be the second derivative of g(t). What is the tens digit of a(-4)?
4
Let k = 1824 + -690. Let d = k - 641. What is the units digit of d?
3
Suppose 5*y + c = -32 + 128, 3*c = -2*y + 28. Let b = -18 + y. Suppose -b*w - i = -68, 3*i - i = 5*w - 161. What is the tens digit of w?
3
Let s(r) = 2*r**2 - 9*r - 60. Let o be s(-5). Let g = o - -614. What is the tens digit of g?
4
Let h = -30 - -30. Suppose -7*b + 3*b = h. Suppose b = -9*y - 2*y + 902. What is the units digit of y?
2
Suppose -355 = 5*z - 3*w, 8*z + 4*w = 3*z - 390. Let i = 20 - z. Suppose -i = -4*r + 70. What is the units digit of r?
1
Let b(h) = -44*h + 134. Let j be b(-23). Suppose -5*x + j = 3*c, 2*c + 194 = -5*x + 1338. What is the units digit of x?
8
Suppose 4*y + 468 = 3048. Let j = -385 + y. Let x = -147 + j. What is the hundreds digit of x?
1
Suppose 3*a - r + 32 = -2, -2*r = -5*a - 58. What is the hundreds digit of (4/a)/((0 - -2)/(-1900))?
3
Let n(x) = -2*x**2 - 23*x - 16. Let t be n(-9). Let w = t + -35. What is the tens digit of (-4)/(-1)*w/(-12) - -81?
8
Let r = -272 + 281. What is the thousands digit of (r/6)/((-2)/11328*-8)?
1
Let i be 6678/(-4)*(-7)/(63/6). Suppose -5*c = -2*h + 3545, -h + 658 + i = -4*c. What is the hundreds digit of h?
7
Suppose 0 = -0*y + 4*y - 48. Suppose 4*a - y*a = -160. Suppose -a*c = -19*c - 12. What is the units digit of c?
2
Suppose 4*g = 3*n - 58136, 0 = n - 531*g + 523*g - 19392. What is the ten thousands digit of n?
1
Let w(t) = 0*t**2 + t**2 + 1 + 1. Let m(d) = -2*d**2 + 35*d + 60. Let b be m(19). What is the tens digit of w(b)?
1
Suppose -52*h + 53*h + 708 = 0. Let b = -165 - h. What is the units digit of b?
3
Suppose 4*z = 5*z - 9. Let w be 3/(-30)*-14 + z/15. Suppose 3*l = -5*n + l + 528, w*l = -4*n + 424. What is the units digit of n?
4
Suppose 5*f + 15 = -5*i - 25, -22 = 5*i - 4*f. Let q(k) = -k**3 - 6*k**2 - 6*k - 16. Let l be q(-5). What is the units digit of i/(24/l - -2)?
3
Let l(n) = -2*n**3 - 2*n**2 + 3*n + 3. Let d be l(2). Let r be (-6)/45 - 10877/d. Suppose -490 = -2*b + 4*v, b = -2*b - 4*v + r. What is the tens digit of b?
4
Suppose 95*l - 42*l - 175907 = 0. What is the thousands digit of l?
3
Let n be (-2)/(24/3) + 1311/12. Let s = 124 - -117. Suppose 5*w + o - 36 - s = 0, -o = 2*w - n. What is the tens digit of w?
5
Suppose 23024 = 4*i + 4*b, 4*i + b - 22988 = 6*b. Suppose i = 5*p + 3*p. What is the hundreds digit of p?
7
Let n(x) = -x**3 - 6*x**2 + 20*x - 36. Let z be n(-9). What is the tens digit of z/3*(0 + 117)*1?
5
Let g = -92 + 95. Suppose g*r = -4*b + 804, -202 = -3*b + 2*r + 401. What is the hundreds digit of b?
2
Let o be (-3783)/(-11) + 20/220. Let l = 816 - o. What is the tens digit of l?
7
Let d = 9865 - 4697. Let u be 12/(-9) + (d/6 - 0). Suppose u = 8*r - 380. What is the hundreds digit of r?
1
Let q be 30*(9 + 387/(-45)). Suppose -q*t - 28*t = -12120. What is the hundreds digit of t?
3
Let u be -1*-4*(-6)/(-4). Let k be -6*((-1)/u)/(1/(-2)). What is the tens digit of 445*k/(-15 - -5)?
8
Let p be 1/(-2)*(-6)/1. Let i be (1 + -1)/(55/(-55)). Suppose 0 = 3*w - p, -4*m + 3*w + i*w = -493. What is the units digit of m?
4
Suppose -o - 3*l - 9 = 0, 12 = -4*o + 5*o - 4*l. Suppose -12*r - 261 + 5421 = o. What is the tens digit of r?
3
Suppose 45*g - 4*g = 9*g + 1746688. What is the hundreds digit of g?
5
Let j = 27 - 15. Suppose 0 = -j*h + 3*h + 36. Suppose -3*y + 7*y - 5*b = 292, -h*b + 16 = 0. What is the tens digit of y?
7
Suppose -5*f - 5*a = -8175, 3*f - 2*a - 2687 = 2218. Suppose -6*r + f = -2439. What is the tens digit of r?
7
Let x(p) = -p**2 - 13*p + 19. Suppose -7*g + 195 = 6. Suppose 3*c + l + g = 3, 5*l = -2*c - 3. What is the units digit of x(c)?
5
Suppose -3458 + 15778 = 7*z. Suppose k - 4*h - h - 378 = 0, 0 = 5*k + h - z. What is the units digit of k?
3
What is the ten thousands digit of (19 - (1 + 0))*11*(-454538)/(-924)?
9
What is the units digit of -6*(-2)/3 - -209*(-720)/(-45)?
8
Suppose 8*q = 2*t - 115582, -12 = -208*q + 212*q. What is the ten thousands digit of t?
5
Let q be (3 + 20/(-6))*0. Suppose j + b - 5 = q, 0 = 5*b - 3 - 12. Suppose 2*s + s = j*z + 17, -3 = -2*s + 3*z. What is the units digit of s?
9
Let q = -68 - -141. Suppose 3 = 3*x, -6*g + 3*g = 4*x - q. Suppose 26*s = g*s + 246. What is the units digit of s?
2
Let p = -4075 - -4034. Suppose 3*v - 3*a - 654 = -a, 0 = -v + 4*a + 228. Let g = p + v. What is the units digit of g?
5
Let y = -272 + 277. What is the tens digit of (0 - -2) + (-2 - -309 - y)?
0
Let s = 2987 + -1186. Let w = 2655 - s. What is the tens digit of w?
5
Suppose -6037 - 6675 = -28*l. Let c = -256 + l. What is the units digit of c?
8
What is the tens digit of 48820/6*(-36)/(-15)?
2
Let k = -5 - -8. Suppose -5 = 2*m + 5*g, g = -5*m + k*g - 56. What is the tens digit of (-65)/m*((-2 - -1) + 7)?
3
Suppose 22*f + 94182 - 56751 = 348335. What is the thousands digit of f?
4
Let q(i) = 345*i**2 + 15*i - 2. What is the units digit of q(-2)?
8
Let p(f) = f**3 - 23*f**2 + 21*f + 11. Let x be p(22). What is the hundreds digit of 872/(-6)*(-20 - x)?
3
Let o(y) be the first derivative of y**4/4 + 8*y**3/3 - y**2/2 + 8*y + 19. Let b(i) = -i - 7. Let p be b(-2). What is the units digit of o(p)?
8
Suppose -s = 22 - 32. Suppose -26*b + 21*b + s = 0. Suppose 3*r - 263 = b*g - 12, 0 = -g + 5. What is the units digit of r?
7
Suppose -4*c - 10 + 6 = 2*i, 3*c + 3*i = 0. Let m(y) = -6*y + 7*y - 5 - 12*y + 1. What is the units digit of m(c)?
8
Let i be 15/10*714/9. Let o = i - 110. Suppose -o*a - 56 = -11*a. What is the tens digit of a?
2
Let m(d) = -7*d**3 - d**2 - 4*d. Let f be m(-4). Let n be (-804)/10*(15 - (-70)/(-6)). Let s = f + n. What is the units digit of s?
0
Suppose 3*j - 5*m - 42 = 0, -j = -0*j + 3*m. Let t(a) = 6 - 10*a + 3*a + j*a. What is the tens digit of t(12)?
3
Suppose j - 2*s - 680 = 0, 0 = j + s - 218 - 453. Let q = j + -251. What is the units digit of q?
3
What is the thousands digit of 2280/(-6080) - 408579/(-8)?
1
Let j be (-9)/((-9)/(-16)) + 4. Let l(f) be the second derivative of f**4/6 + 3*f**3/2 - 27*f**2/2 - 9*f. What is the tens digit of l(j)?
5
Let q = 87647 - 62482. What is the hundreds digit of q?
1
Let d be 0*((-7)/(-14) - 0). Suppose 4*s + 11*a - 9*a - 1170 = 0, a + 1 = d. What is the hundreds digit of s?
2
Let s(j) = -847*j - 219. Let h be s(-28). Suppose h - 8197 = 50*v. What is the tens digit of v?
0
Suppose 4*h - 4*o - 147196 = 0, 58*h + 4*o - 110369 = 55*h. What is the thousands digit of h?
6
Let j(i) = -i**3 - 17*i**2 - 24*i - 10. Suppose 7*d - 2*d = g - 1, 0 = -4*d - 12. Let w be j(g). Let n = w + 502. What is the hundreds digit of n?
2
Suppose 118*o + 115*o = 41*o + 3398208. What is the tens digit of o?
9
Suppose -279*h + 1768547 = -6490502 - 10128446. What is the tens digit of h?
0
Let y(g) = g**2 - 10*g - 11. Let w be y(11). Suppose w = -5*x - 10, -q + 5*x = -0*q - 889. Suppose 0 = 11*f - 1266 - q. What is the hundreds digit of f?
1
Let n = -110 - -204. Let l = -45 + n. Let g = 176 - l. What is the units digit of g?
7
Let c = -65 + 119. Let h be (-9)/(c/424) + 2/3. Let j = -46 - h. What is the tens digit of j?
2
Let f be (-6)/9*(-15060)/4. Suppose -17*m + 15*m - 1486 = -3*z, -f = -5*z - 5*m. What is the units digit of z?
8
Suppose 78*y - 16*y + 487854 - 1271658 = 0. What is the thousands digit of y?
2
Suppose 0 = 4*y + 171 - 1599. Suppose -4547 = -10*k - y. What is the units digit of k?
9
Let u(y) = 114*y**2 + 30*y + 282. What is the thousands digit of u(17)?
3
Suppose 27*v - 3 = 26*v. Suppose -3*n - 2 = -v*q - 20, -5*q = n. Suppose 0 = n*w - 115 + 25. What is the tens digit of w?
1
Let q = -53194 - -77392. What is the hundreds digit of q?
1
Let y = -166 + 186. Suppose 435 = -y*i + 25*i. What is the tens digit of i?
8
Suppose -c - 71946 = -2*l, 15*l - 395682 = 4*l + 2*c. What is the thousands digit of l?
5
Let x be 